
3
Let k(i) = -5*i**2 + i. Let o be k(1). Let c(t) = -5 + 6*t**2 - 11*t**3 + 22*t**3 + 0 - 10*t**3 + 4*t. What are the prime factors of c(o)?
11
Suppose -54 = 7*v - 5*v. Let w = 41 + v. List the prime factors of w.
2, 7
Let j(f) = -55*f**2 - 1. Let v be j(1). List the prime factors of v/(-12)*12/14.
2
Suppose -12 = -0*i - 2*i. Suppose g = -0*g + i. List the prime factors of g.
2, 3
Let y(v) = -v**3 - 6*v**2 - 3*v. Let g be y(-4). Let d = 28 + g. What are the prime factors of d?
2
Let w = -3 - -3. Suppose 15 = 3*s - w*s. Let p(x) = -x**3 + 4*x**2 + 7*x - 5. List the prime factors of p(s).
5
Let o be (0 + 4)*(-16)/(-2). Suppose -d = -16 - o. List the prime factors of d.
2, 3
Let s(w) = -w + 4. Let a be s(0). Suppose 2*p - p = a. Suppose -3*l + 9 = n, -5*n - p*l + 20 = -3*n. List the prime factors of n.
2, 3
Suppose 2*x + 648 = 4*q, -4*x - x + 10 = 0. List the prime factors of q.
163
Let c(m) = 10*m**3 + m**2. What are the prime factors of c(2)?
2, 3, 7
Let k(i) = i**2 + 2*i - 11. What are the prime factors of k(10)?
109
Let t = 148 + -30. What are the prime factors of t?
2, 59
Suppose -15 = -y + 4*y, -5*y = -4*r + 1153. What are the prime factors of r?
2, 3, 47
Let m(u) = 3*u**3 - u**2. Let k be m(1). List the prime factors of (6 + 2 + -3)*k.
2, 5
Let d(v) = -14*v**3 + 11*v + 5. Let j(y) = 5*y**3 - 4*y - 2. Let r(m) = -3*d(m) - 8*j(m). List the prime factors of r(1).
2
Let q(o) = -o**3 + 11*o**2 - 9*o - 3. What are the prime factors of q(10)?
7
Suppose -5*h + 7 = 2. Suppose 0 = -3*w - 5 - h, 31 = d - 2*w. List the prime factors of d.
3
Suppose -2*n - 2*m + 104 = 2*m, -2*m = 3*n - 140. What are the prime factors of n?
2, 11
Let w(l) be the second derivative of -3*l**2 + 0 - 2*l - 1/3*l**3. List the prime factors of w(-5).
2
Let r(v) = v**2 - 9*v + 2. Let h be r(8). Let f(j) = j**2 + 6*j + 9. List the prime factors of f(h).
3
Suppose 0 = 3*y - 3 - 0. Let m be -1*(-11 + (y - 1)). Let r = m - 4. List the prime factors of r.
7
Suppose 2*d - 4*f + 0*f = 70, -3*d + 61 = 5*f. List the prime factors of d.
3
Let t(f) = -122*f + 8. What are the prime factors of t(-1)?
2, 5, 13
Let k(h) = -h**3 + h**2 + 1. Let b(x) = -4*x**3 - 5*x**2 + x - 4. Let j(u) = -b(u) - 4*k(u). List the prime factors of j(1).
2
Let g(w) = w**2 + 4*w + 5. Let a be g(-4). Let z be ((-38)/5)/((-1)/a). Let q = 56 - z. What are the prime factors of q?
2, 3
Let g = 49 + -38. What are the prime factors of g?
11
Suppose -5*x + 595 = 5*q, -5*x + 596 = 2*q + 2*q. What are the prime factors of x?
2, 3, 5
Let w = 73 + -24. What are the prime factors of w/(-7)*(-1 + 0)?
7
Suppose b + 2*d - 44 = 0, 0 = 5*d - 7 - 8. List the prime factors of b.
2, 19
Let c(h) = h**2 + h + 1. Let i be 2 - 1 - 5/1. Let r be c(i). Suppose 0 = k + 2 - r. What are the prime factors of k?
11
Let g be (54/21)/(12/56). What are the prime factors of (8/g)/(2/78)?
2, 13
Suppose -h + 13 = -17. List the prime factors of 4/10 - (-678)/h.
23
Suppose -3*l - 2*p + p = -23, -5*p = 4*l - 27. List the prime factors of l.
2
Suppose 13 = -5*h - l + 242, 0 = 4*h - 4*l - 188. List the prime factors of h.
2, 23
Let v be (-1 + -3)/((-1)/2). Suppose 5*z = -v + 28. Suppose c = -z*c + 55. What are the prime factors of c?
11
Suppose -2*c - 115 = -7*c. Suppose -4*p + c = -1. List the prime factors of (-38)/(-6) + p/(-18).
2, 3
Let v(a) = -12*a**2 + a - 1. Let c(r) = 13*r**2 - r + 1. Let o(p) = -6*c(p) - 7*v(p). Let q be o(-2). Suppose -y = 2*y - q. List the prime factors of y.
3
Suppose 0 = 5*u + 2*x - 115, -2*u + 34 + 26 = -2*x. List the prime factors of u.
5
Suppose -5*b + b = 4*d - 80, b - 5*d - 32 = 0. Suppose 3*i - 14 = b. List the prime factors of i.
2, 3
Suppose -113*z - 468 = -117*z. What are the prime factors of z?
3, 13
Suppose 6*n + 5*i = 10*n - 1276, -3*i + 1558 = 5*n. List the prime factors of n.
2, 157
Let w(a) = 3*a**3 + 11*a**2 + 8*a + 6. Let r(s) = -4*s**3 - 12*s**2 - 8*s - 6. Let z(l) = 2*r(l) + 3*w(l). List the prime factors of z(-8).
2, 3
Let g = 74 - 39. What are the prime factors of g?
5, 7
Let f = 0 - -2. Suppose 3*z = f*r + 43, 0*z + 4*r - 18 = -2*z. Suppose -4*a + z = -3*a. List the prime factors of a.
13
Suppose -3*y + 145 = 2*v, -v - 3*y = y - 70. Suppose 4*f - b + v - 212 = 0, -2*f + 74 = -3*b. What are the prime factors of f?
2, 17
Let h(w) be the first derivative of -7*w**2/2 - 4*w + 1. List the prime factors of h(-4).
2, 3
Let r be 2/(-7) - (-512)/28. Let f be 50/r + (-2)/(-9). Suppose 24 = f*w + w. What are the prime factors of w?
2, 3
Suppose 2*l = -3*l + 60. List the prime factors of l + -11 + (0 - -46).
47
Suppose -6 + 131 = 5*f. What are the prime factors of f?
5
Let j(r) = -r**3 + 9*r**2 - 9*r - 7. Let t be j(7). Suppose 4*i + t = -3*m, 5*i - 2 - 1 = m. What are the prime factors of 4/16 + (-46)/m?
2, 3
Suppose s + 3*q = 6*q + 93, 389 = 4*s + 5*q. List the prime factors of s.
2, 3
Let v(c) = 7*c**3 + 6*c**2 - 4*c + 1. Let b(q) = q**3 + q**2 - q. Let j(p) = 4*b(p) - v(p). Let d be j(-2). Let g = d - 5. What are the prime factors of g?
2, 5
Let q = -14 - 0. Let x = q - -25. List the prime factors of x.
11
Suppose 6*r - 2*r - 616 = 0. What are the prime factors of r?
2, 7, 11
Suppose -4*j + 5*m + 95 = 0, -5 = -2*m + 5. Suppose -j = -y + 2. Let a = y + -19. What are the prime factors of a?
13
Let q(r) = r**2 + 3*r + 3. Let z be q(3). Suppose 4*y = z + 3. List the prime factors of y.
2, 3
Let p(g) = -2*g**3 - 2*g**2 - g - 2. Let w be p(-2). Let j = 17 - w. What are the prime factors of j?
3
What are the prime factors of ((-11)/22)/(-2 + (-1798)/(-900))?
3, 5
Let v be 4 - 2 - (1 + -2). Suppose 2*f - v = -f. What are the prime factors of (-2 - f)/3*-4?
2
Let k = -37 + 78. What are the prime factors of k?
41
Suppose -5*v + 2*i + 14 = 0, 2*v - i - 2 - 3 = 0. Suppose v*j + 2*t + 3*t = 60, 2*j + 5*t - 30 = 0. What are the prime factors of j?
3, 5
Suppose 3*y + 39 = k - 0*k, 3*k - 157 = -y. Suppose 4*s - 12 = 0, -2*h - h + k = 5*s. Suppose -4*c + 2*c = -h. List the prime factors of c.
2, 3
Suppose 81 = -4*o - 43. Let m = 52 + o. List the prime factors of m.
3, 7
Suppose -498 = -5*u - 2*s, 435 = 5*u + 4*s - 71. List the prime factors of u.
2, 7
Let m(t) = t**2 + 7*t + 5. Let f be m(-6). Let o = 12 - f. What are the prime factors of o?
13
Let m = -7 + 5. Let r be m - -2 - 8/(-2). Suppose 0 = r*f - 2*v - 18 - 20, 3*v = -5*f + 42. What are the prime factors of f?
3
Let q = 1 + 325. What are the prime factors of q?
2, 163
Let n = -2 - 1. List the prime factors of (4 - n)*4/2.
2, 7
Let a = -4 + 6. Let b(h) = 2*h**2 - h - 1. Let w be b(a). Let l(r) = r + 6. What are the prime factors of l(w)?
11
What are the prime factors of (912/(-32))/((-2)/4)?
3, 19
Let k(v) be the first derivative of v**3/3 - 7*v**2/2 - 12*v + 3. Let t(z) = -z**3 + 6*z**2 - 6*z + 1. Let o be t(4). What are the prime factors of k(o)?
2, 3
Let q(l) = 3*l. Let k be q(5). Suppose -3*a = -63 + k. List the prime factors of a.
2
Let m be ((-12)/16)/((-1)/(-8)). Let q = m - -8. Suppose -7*w = -q*w - 60. What are the prime factors of w?
2, 3
Suppose 4*s - 9*s + 155 = 0. What are the prime factors of s?
31
Let r be -3*(-18)/(-3)*-2. Suppose -u + 1 = 2, -u = -l + 5. Suppose l*j + 0 = r. What are the prime factors of j?
3
Let w = 38 - 8. What are the prime factors of w?
2, 3, 5
Let v = 13 - 9. Suppose -45 = v*y - 125. What are the prime factors of y?
2, 5
Suppose l + 2*z = -3*l + 50, 0 = -2*z + 6. What are the prime factors of l?
11
Suppose 0 = 5*b - 291 - 884. What are the prime factors of b?
5, 47
Let f(u) = -u**3 + 3*u**2 + 2*u + 2. Let m be f(3). Suppose 3*o + b - 10 = 0, b + b - m = 0. Suppose -2*j + 4 + o = 0. What are the prime factors of j?
3
Let b = 17 + -24. Let n = 36 - b. What are the prime factors of n?
43
Let l be (1/2)/(1/2). Suppose -k = l - 4. Suppose -k*y + 25 = -5. What are the prime factors of y?
2, 5
Suppose 0 = 3*y - v - 105, 9 = 2*y - 4*v - 61. What are the prime factors of y?
5, 7
Let t be 4/((1 - 2)*-1). What are the prime factors of ((-2)/t)/(1/(-16))?
2
Let g be 4/(-18) + 415/45. Let k = g + 2. List the prime factors of k.
11
Let r(v) = -v**3 + 3*v**2 + 4*v + 4. Let l be r(4). List the prime factors of (l/(-8))/((-2)/24).
2, 3
Let x(c) = 2*c**2 + 3*c + 1. Suppose 0 = 5*z - 20 - 10. Suppose -z*j - 5*d - 37 = -2*j, 2 = j - d. What are th